pose -5*g - s = -5*a, 5*a = -3*g + 35 + 10. Let z(i) = i - 8. Calculate z(a).
-2
Let v be (5 + 1)/(-2) - -8. Let u(n) = v*n + 7*n**2 - 4*n - 9*n**2. Let m(y) = y - 1. Let w be m(0). Give u(w).
-3
Let g(i) = -i - 10. Suppose 3*r - 22 = 4*p, -1 = 3*r + 5. Let l = p + -4. Let k = l + 6. What is g(k)?
-5
Let h(m) be the first derivative of -m**3/3 - 20*m - 101. Determine h(0).
-20
Let x(m) = m + 1 + 0*m + m**2 + 2. Let a be ((-6)/15)/(4/10). Let r be 0 + (-3)/9 + a/(-3). What is x(r)?
3
Let d(l) = -2*l - 5. Let h be (-8 - (0 + -8)) + (-3 - 3). Calculate d(h).
7
Let z(r) = -4*r**3 - r**2 + r + 2. Let o(a) = a**3 + a**2 - 1. Let h(g) = 2*o(g) + z(g). Let f = -1477 + 1475. Determine h(f).
18
Let q be (-6)/4*308/7. Let y be q/(-14) - 4/(-14). Let s(m) = -5 + m**2 - 2 + m + y. Calculate s(-3).
4
Let q(j) = 3*j**2 - 1. Let d(c) = 2*c**2 + 14*c + 20. Let y(x) = -d(x) + q(x). Give y(15).
-6
Let j(s) = s**2 - 10*s + 1. Let n(y) = 40*y**2. Let k be n(1). Suppose 25 = l - 4*g, 2*l - 3*g = -3*l + k. Suppose 0 = l*i + 14 - 49. Calculate j(i).
-20
Let b(y) = y**3 - 5*y**2 - 4*y - 7. Let p be b(6). Suppose 5*r - 2*r = 0. Let n(t) = t + r*t + t - 5 - t. Calculate n(p).
0
Let l(k) be the second derivative of -1/12*k**4 + 4/3*k**3 - 2*k**2 - 31*k + 0. Determine l(7).
3
Let j(q) = q**2 + 4*q. Let u(b) = -12*b + 188. Let s be u(16). What is j(s)?
0
Let p(m) = 17*m - 1. Suppose 2*r = 4*s, -5*s + 7*r = 3*r + 6. Determine p(s).
33
Let z(t) be the second derivative of 5*t**3/6 - t**2/2 + 13*t - 2. Calculate z(9).
44
Let t = 2 + 1. Let j(p) = -p + 1. Let m(k) = -5*k + 4. Let w(d) = 2*j(d) - m(d). Determine w(t).
7
Let q(l) be the first derivative of -3*l**2/2 - 15*l - 134. Give q(-6).
3
Let a(h) = -h + 5. Let u = 23 - 31. Let j = 1 - u. Determine a(j).
-4
Let o(r) = -5*r. Let g be ((-4)/7)/(40/140). Let w be 6 + -5 + g + 2. What is o(w)?
-5
Suppose 0 = -h - 2, 0*a = -3*a - 4*h - 11. Let s(f) = 26*f**3 - f**2 + 1. Determine s(a).
-26
Suppose -3*s = -1 - 2. Let o(n) be the third derivative of -n**4/4 + n**3/6 - 255*n**2. Give o(s).
-5
Let w be -10*(-8)/30*-3. Let j = -8 - w. Let q(g) = g**2 - g - 9. What is q(j)?
-9
Let x(i) = -i**3 - 6*i**2 - 3*i + 5. Let a be x(-6). Let p(f) = 11*f**3 - a*f**3 - 4*f**3. Calculate p(1).
-16
Let d(r) = 10 - 2*r - 5 + 23*r**2 - 2 - 8 - 20*r**2. Give d(4).
35
Let w(r) = -4*r - r**2 - 8*r + 11*r - 2 - 6*r - 5. What is w(-4)?
5
Let q be 21/18*(-12)/(-280). Let g(b) be the third derivative of -1/24*b**4 - q*b**5 + 0*b - 1/120*b**6 + 1/6*b**3 - b**2 + 0. What is g(-2)?
-1
Let l = -32 + 34. Let q(p) = p**3 - 1 + 15*p**2 + 3 - 3*p - 14*p**l. Determine q(-3).
-7
Suppose -g = -6*g + 10. Let c(o) be the first derivative of 2*o**3/3 - o**2 + 7. Give c(g).
4
Let h(m) = -m**2 + 5*m - 14. Let q(g) = -6*g**2 + 26*g - 70. Let x(d) = 11*h(d) - 2*q(d). What is x(-8)?
26
Let i(y) = -32 - y + 19 + 19. Calculate i(6).
0
Let u(r) = r**3 - 6*r**2 + 2*r + 7. Let n be (-2)/(-3) + 336/36. Suppose 13*k = n*k + 15. Determine u(k).
-8
Let z be 12/(-18) - (-88)/6. Suppose -3*r = 5*p - z, r - p - 2 = -0*r. Let y(f) = -8 - 6*f**2 - 5*f**3 + 4 - 4*f + 4*f**r - 3*f. Determine y(-5).
6
Let r(h) = -h**3 + 9*h**2 + 9. Let d(b) = 7*b**3 + 3*b**2 - 1. Let l be d(1). Calculate r(l).
9
Let k(q) = -17*q - 48. Let d(x) = -4*x - 11. Let v(l) = -26*d(l) + 6*k(l). What is v(0)?
-2
Let y(q) = q**3 + 4*q**2 + 2. Suppose 21 + 5 = -r. Let b = 32 + r. Suppose -19*p - b = -17*p. What is y(p)?
11
Let m(r) = -37*r - 217. Let f be m(-6). Let v(w) be the first derivative of -1/3*w**3 + 1 - f*w - 9/2*w**2. Calculate v(-9).
-5
Suppose 14 = -z + 2*z. Let u = 7 - z. Let p(t) = -5*t - 17. Let q(o) = 12*o + 39. Let l(f) = 5*p(f) + 2*q(f). Calculate l(u).
0
Let v(r) be the second derivative of 0 + 3/2*r**2 + 24*r - 4/3*r**3 + 1/12*r**4. Calculate v(7).
-4
Let s = -153 - -159. Let l(x) = x**2 - 4*x - 9. Give l(s).
3
Suppose -5*y - 37 = 13. Let p(c) = -c**3 - 11*c**2 - 11*c - 12. Calculate p(y).
-2
Let f = -705 - -704. Let r(o) = -29*o**3 + 2*o**2 + 2*o + 1. Give r(f).
30
Suppose 4*o = -2*w, -5*o - 4*w = -9*w - 30. Let b(v) = 7*v - 1. Give b(o).
13
Let q(l) be the third derivative of l**7/2520 + l**6/240 - l**5/30 - l**4/12 + 18*l**2. Let g(n) be the second derivative of q(n). What is g(3)?
14
Let b(v) be the third derivative of v**5/60 - v**3/6 + 6*v**2. Suppose 0*o - 72 = -4*o. Let r be 2/11 + o/22. What is b(r)?
0
Let m(d) be the first derivative of -d**2/2 + 5*d + 21. Let c(j) = j - 7. Let y(k) = 3*c(k) + 4*m(k). What is y(3)?
-4
Suppose 177 + 21 = -9*i. Let j be (-4)/i - ((-114)/(-22) + -7). Let c(a) = -a**3 - a**2 + 2*a. Give c(j).
-8
Suppose 52*l - 5 = 51*l. Let i(f) = 5 - 4 - l + 3*f - 2. What is i(5)?
9
Let l(g) = -36*g + 37*g + 0 + g**3 + 5 + 8*g**2. Let b(i) = -i**2 - 8*i - 10. Let h be b(-7). Let r be h/(-2) - 95/10. Calculate l(r).
-3
Let p(s) = -s**3 + s**2 - s - 12. Let h(c) = c**3 + 6*c**2 - 2*c - 5. Let y be h(-6). Let i(z) = z**2 - 9*z + 7. Let u be i(y). Let j = u - -7. Calculate p(j).
-12
Let k(z) = 2*z + 3 + 3 - 5 - 3*z. Let m(h) = -10*h + 12. Let r(j) = -6*k(j) + m(j). Let u(c) = -c**2 + 6*c + 4. Let l be u(6). Determine r(l).
-10
Let k(l) be the second derivative of -l**5/20 - l**4/6 + l**3/3 + l**2 - 8*l. Suppose 2*c - 2 + 6 = 0. What is k(c)?
-2
Let j = -148 + 105. Let a = j + 45. Let r(q) = -q**2 + 3*q - 2. Give r(a).
0
Let m(w) = -18*w - 4. Let q(b) = 8*b - 1. Let r(g) = -m(g) + q(g). What is r(-2)?
-49
Let s be ((-2)/(-3))/((-4)/6). Let a = -8 - s. Let g(y) = -y**2 - 7*y - 6. Let f(j) = -j**2 - 7*j - 6. Let r(p) = -2*f(p) + 3*g(p). Determine r(a).
-6
Let j(n) = -11*n**3 + 3*n**2 - 2*n + 9. Suppose -30 = -9*h + 4*h. Let m(g) = -5*g**3 + 2*g**2 - g + 4. Let y(z) = h*j(z) - 13*m(z). What is y(-8)?
-6
Let r(v) be the third derivative of v**5/12 - v**3/6 - 2*v**2. Let c be r(1). Let j(x) be the second derivative of -x**4/12 + x**3 - 5*x**2/2 - x. What is j(c)?
3
Let j(q) be the third derivative of -q**4/12 + 7*q**3/3 + 53*q**2. Calculate j(8).
-2
Let w(n) = -n**2 - n. Suppose -3*j + 1 = -4*j. Let m(g) = 6*g**2 + 11*g - 8. Let s(q) = j*m(q) - 5*w(q). Calculate s(-6).
8
Let f = -30 + 21. Let y = f + 11. Let i be 2*-3*y/6. Let d(s) = -s**3 - 2*s**2 - 2*s + 2. Determine d(i).
6
Let r be (-9)/12 + (-105)/20. Let x(z) be the second derivative of z**5/60 + 7*z**4/24 - z**3/6 - z. Let f(y) be the second derivative of x(y). Determine f(r).
-5
Let n be -6*(-4)/(-12) + -6. Let w(q) = -q**3 - 9*q**2 - 6*q. Give w(n).
-16
Let y(z) = -z**3 - 6*z**2 - 8*z - 5. Let l = -8 - -27. Suppose -b + 14 = l. Calculate y(b).
10
Suppose 5*f + 4*i - 23 = 4, -5*i + 15 = 0. Let a(k) = -2*k**2 - f*k + 4*k**2 - k - k**2 + 4. Let j be 1/(-3) + 13/3. Calculate a(j).
4
Let j(s) = -7*s + 21. Let b(x) = -4*x + 10. Let d(l) = 5*b(l) - 3*j(l). Let o = 66 + -64. Suppose -5 - 7 = -o*h - 2*z, 4*z + 18 = 3*h. Determine d(h).
-7
Let l(m) = 2*m**2 + 31*m - 36*m - 4*m**2 + m**2 - 2 - 2. Calculate l(-5).
-4
Let l be 1 + 1/(-1) - 0. Suppose v = -j - l*v - 2, 2*v = -4*j - 10. Let c(m) = -274*m - 1. Let d(b) = -157*b - 1. Let x(w) = -4*c(w) + 7*d(w). Determine x(j).
6
Let g be 5*-4*(-12)/80. Let r(z) = 8*z - 14. Calculate r(g).
10
Let s(g) = 8*g - 5. Let j(c) = 9*c - c + 15*c - 14. Let k(t) = -6*j(t) + 17*s(t). Determine k(2).
-5
Let z(p) = 3*p**2 + 0*p**2 + p**3 - 2*p**2 - 1. Let h = 3065 + -3067. Calculate z(h).
-5
Let f(o) = -o**2 - 13*o - 10. Let m be f(-12). Let t(n) = 0*n - 3*n + 7*n - 2*n. Give t(m).
4
Let m(x) = 8*x**2 - 3*x + 3. Suppose -22*o - 13*o = -35. What is m(o)?
8
Let w(k) be the third derivative of k**6/120 + k**5/2 + 7*k**4/6 - 5*k**3 - 220*k**2. Give w(-29).
-1
Suppose 2*m + 4*d + 8 = 0, 0 = -3*m + m + 2*d + 4. Let y(z) = m*z**3 + 32*z - 4*z**2 - 39*z + 3 + 4*z**3 - 3*z**3. What is y(5)?
-7
Suppose -z - 53 = -59. Let l(y) = y**2 + y - 12. Calculate l(z).
30
Suppose 0 = -14*l - 13*l - 81. Let f(a) be the first derivative of 2*a**3/3 + a**2 + 3*a + 1. Give f(l).
15
Let b(q) be the third derivative of q**4/12 + q**3/3 - 7*q**2 + 3. Give b(-3).
-4
Let y(r) = -8*r**2 - 18*r. Let n(w) = 3*w**2 + 6*w. Let l(o) = -11*n(o) - 4*y(o). Let z(j) = -141*j + 993. Let f be z(7). Determine l(f).
0
Let q(g) be the first derivative of -g**3/3 + 2*g**2 + 13*g - 130. Give q(6).
1
Let r(x) = x + 5. Let t be r(-8). Let s(o) = -1.